{"id":725,"date":"2019-11-13T20:56:20","date_gmt":"2019-11-13T20:56:20","guid":{"rendered":"http:\/\/eichendorffschule-essen.de\/?page_id=725"},"modified":"2024-09-25T10:52:29","modified_gmt":"2024-09-25T10:52:29","slug":"7-bis-9-betreuung","status":"publish","type":"page","link":"https:\/\/eichendorffschule-essen.de\/?page_id=725","title":{"rendered":"7 bis 9 Betreuung"},"content":{"rendered":"<div class=\"wp-block-image is-style-default\">\n<figure class=\"alignright size-large is-resized\"><img loading=\"lazy\" decoding=\"async\" width=\"768\" height=\"1024\" src=\"https:\/\/eichendorffschule-essen.de\/wp-content\/uploads\/2019\/11\/IMG_9524-768x1024.jpg\" alt=\"\" class=\"wp-image-823\" style=\"width:173px;height:231px\" srcset=\"https:\/\/eichendorffschule-essen.de\/wp-content\/uploads\/2019\/11\/IMG_9524-768x1024.jpg 768w, https:\/\/eichendorffschule-essen.de\/wp-content\/uploads\/2019\/11\/IMG_9524-225x300.jpg 225w, https:\/\/eichendorffschule-essen.de\/wp-content\/uploads\/2019\/11\/IMG_9524-1152x1536.jpg 1152w, https:\/\/eichendorffschule-essen.de\/wp-content\/uploads\/2019\/11\/IMG_9524-1536x2048.jpg 1536w, https:\/\/eichendorffschule-essen.de\/wp-content\/uploads\/2019\/11\/IMG_9524-scaled.jpg 1920w\" sizes=\"auto, (max-width: 768px) 100vw, 768px\" \/><\/figure>\n<\/div>\n\n\n<p>Ab 7.00 Uhr steht die Fr\u00fchbetreuung allen Kindern der Schule zur Verf\u00fcgung, deren Eltern berufst\u00e4tig sind und ihr Kind aus dem Grund vor der ersten Unterrichtsstunde betreuen lassen m\u00fcssen.<\/p>\n\n\n\n<p>Wir bem\u00fchen uns bei der Stundenplangestaltung darum, den Unterricht f\u00fcr alle Kinder um 8.15 Uhr zu beginnen.<\/p>\n\n\n\n<p>F\u00fcr die Fr\u00fchbetreuung ist eine verbindliche schriftliche Anmeldung erforderlich. Diese finden Sie <strong><a href=\"https:\/\/eichendorffschule-essen.de\/wp-content\/uploads\/2022\/05\/Anmeldung-Fruehbetreuung.pdf\">hier<\/a><\/strong>.<\/p>\n\n\n\n<p><\/p>\n","protected":false},"excerpt":{"rendered":"<p>Ab 7.00 Uhr steht die Fr\u00fchbetreuung allen Kindern der Schule zur Verf\u00fcgung, deren Eltern berufst\u00e4tig sind und ihr Kind aus dem Grund vor der ersten Unterrichtsstunde betreuen lassen m\u00fcssen. Wir bem\u00fchen uns bei der Stundenplangestaltung darum, den Unterricht f\u00fcr alle Kinder um 8.15 Uhr zu beginnen. F\u00fcr die Fr\u00fchbetreuung ist eine verbindliche schriftliche Anmeldung erforderlich. <a class=\"read-more\" href=\"https:\/\/eichendorffschule-essen.de\/?page_id=725\">READ MORE<\/a><\/p>\n","protected":false},"author":1,"featured_media":0,"parent":0,"menu_order":0,"comment_status":"closed","ping_status":"closed","template":"","meta":{"footnotes":""},"class_list":["post-725","page","type-page","status-publish","hentry"],"_links":{"self":[{"href":"https:\/\/eichendorffschule-essen.de\/index.php?rest_route=\/wp\/v2\/pages\/725","targetHints":{"allow":["GET"]}}],"collection":[{"href":"https:\/\/eichendorffschule-essen.de\/index.php?rest_route=\/wp\/v2\/pages"}],"about":[{"href":"https:\/\/eichendorffschule-essen.de\/index.php?rest_route=\/wp\/v2\/types\/page"}],"author":[{"embeddable":true,"href":"https:\/\/eichendorffschule-essen.de\/index.php?rest_route=\/wp\/v2\/users\/1"}],"replies":[{"embeddable":true,"href":"https:\/\/eichendorffschule-essen.de\/index.php?rest_route=%2Fwp%2Fv2%2Fcomments&post=725"}],"version-history":[{"count":7,"href":"https:\/\/eichendorffschule-essen.de\/index.php?rest_route=\/wp\/v2\/pages\/725\/revisions"}],"predecessor-version":[{"id":5145,"href":"https:\/\/eichendorffschule-essen.de\/index.php?rest_route=\/wp\/v2\/pages\/725\/revisions\/5145"}],"wp:attachment":[{"href":"https:\/\/eichendorffschule-essen.de\/index.php?rest_route=%2Fwp%2Fv2%2Fmedia&parent=725"}],"curies":[{"name":"wp","href":"https:\/\/api.w.org\/{rel}","templated":true}]}}