{"id":506,"date":"2019-11-01T11:53:48","date_gmt":"2019-11-01T11:53:48","guid":{"rendered":"http:\/\/eichendorffschule-essen.de\/?page_id=506"},"modified":"2026-05-14T09:47:22","modified_gmt":"2026-05-14T09:47:22","slug":"formulare","status":"publish","type":"page","link":"https:\/\/eichendorffschule-essen.de\/?page_id=506","title":{"rendered":"Formulare"},"content":{"rendered":"\n<h4 class=\"wp-block-heading\"><strong>Mitglied werden<\/strong><\/h4>\n\n\n\n<p>Wir freuen uns \u00fcber jede aktive Beteiligung an unseren Projekten, denn es geht hier um unsere Kinder. Unser Ziel ist es, den Anforderungen der heutigen Zeit gerecht zu werden.&nbsp;Die anh\u00e4ngende Beitrittserkl\u00e4rung k\u00f6nnen Sie ganz einfach per Klick \u00f6ffnen, ausdrucken, ausf\u00fcllen, mit Ihrer Unterschrift versehen und an uns schicken&nbsp;oder in der Schule abgeben.<\/p>\n\n\n\n<p><strong><a href=\"https:\/\/eichendorffschule-essen.de\/wp-content\/uploads\/2024\/08\/RZ_Flyer_FV_Eichendorffschule_Schoenebeck-1.pdf\" data-type=\"link\" data-id=\"https:\/\/eichendorffschule-essen.de\/wp-content\/uploads\/2024\/08\/RZ_Flyer_FV_Eichendorffschule_Schoenebeck-1.pdf\">Flyer F\u00f6rderverein<\/a><\/strong><\/p>\n\n\n\n<p>&nbsp;<\/p>\n<p>&nbsp;<\/p>\n\n\n\n<h4 class=\"wp-block-heading\"><strong>Aktuelle Satzung des F\u00f6rdervereins<\/strong><\/h4>\n\n\n\n<p>Hier finden Sie die aktuelle Satzung des F\u00f6rdervereins der Eichendorffschule Sch\u00f6nebeck:<\/p>\n\n\n\n<p><strong><a href=\"https:\/\/eichendorffschule-essen.de\/wp-content\/uploads\/2024\/08\/Foerderverein-Eichendorffschule-Schoenebeck-Satzung-2024.pdf\">Satzung F\u00f6rderverein<\/a><\/strong><\/p>\n\n\n\n<p>\u00a0<\/p>\n<p>\u00a0<\/p>\n\n\n\n<h4 class=\"wp-block-heading\"><strong>Antrag der flexiblen Betreuung<\/strong><\/h4>\n\n\n\n<p>Beide Standorte (Rotes Haus ab 01.08.2026) bieten eine flexible Betreuung an einzelnen Tagen in der Woche, die Sie w\u00e4hlen k\u00f6nnen. Dieses ist nat\u00fcrlich kosteng\u00fcnstiger und wird nicht \u00fcber die Stadt Essen, sondern privat \u00fcber den F\u00f6rderverein der Schule organisiert. Der anh\u00e4ngende Antrag der flexiblen Betreuung k\u00f6nnen Sie ganz einfach per Klick \u00f6ffnen, ausdrucken, ausf\u00fcllen, mit Ihrer Unterschrift versehen und an uns schicken\u00a0oder in der Schule abgeben.<\/p>\n\n\n\n<p><strong><a href=\"https:\/\/eichendorffschule-essen.de\/wp-content\/uploads\/2024\/08\/Antrag-flexible-Betreuung.pdf\">Antrag flexible Betreuung<\/a><\/strong><\/p>\n","protected":false},"excerpt":{"rendered":"<p>Mitglied werden Wir freuen uns \u00fcber jede aktive Beteiligung an unseren Projekten, denn es geht hier um unsere Kinder. Unser Ziel ist es, den Anforderungen der heutigen Zeit gerecht zu werden.&nbsp;Die anh\u00e4ngende Beitrittserkl\u00e4rung k\u00f6nnen Sie ganz einfach per Klick \u00f6ffnen, ausdrucken, ausf\u00fcllen, mit Ihrer Unterschrift versehen und an uns schicken&nbsp;oder in der Schule abgeben. Flyer <a class=\"read-more\" href=\"https:\/\/eichendorffschule-essen.de\/?page_id=506\">READ MORE<\/a><\/p>\n","protected":false},"author":1,"featured_media":0,"parent":0,"menu_order":0,"comment_status":"closed","ping_status":"closed","template":"","meta":{"iawp_total_views":7,"footnotes":""},"class_list":["post-506","page","type-page","status-publish","hentry"],"_links":{"self":[{"href":"https:\/\/eichendorffschule-essen.de\/index.php?rest_route=\/wp\/v2\/pages\/506","targetHints":{"allow":["GET"]}}],"collection":[{"href":"https:\/\/eichendorffschule-essen.de\/index.php?rest_route=\/wp\/v2\/pages"}],"about":[{"href":"https:\/\/eichendorffschule-essen.de\/index.php?rest_route=\/wp\/v2\/types\/page"}],"author":[{"embeddable":true,"href":"https:\/\/eichendorffschule-essen.de\/index.php?rest_route=\/wp\/v2\/users\/1"}],"replies":[{"embeddable":true,"href":"https:\/\/eichendorffschule-essen.de\/index.php?rest_route=%2Fwp%2Fv2%2Fcomments&post=506"}],"version-history":[{"count":39,"href":"https:\/\/eichendorffschule-essen.de\/index.php?rest_route=\/wp\/v2\/pages\/506\/revisions"}],"predecessor-version":[{"id":6038,"href":"https:\/\/eichendorffschule-essen.de\/index.php?rest_route=\/wp\/v2\/pages\/506\/revisions\/6038"}],"wp:attachment":[{"href":"https:\/\/eichendorffschule-essen.de\/index.php?rest_route=%2Fwp%2Fv2%2Fmedia&parent=506"}],"curies":[{"name":"wp","href":"https:\/\/api.w.org\/{rel}","templated":true}]}}