{"id":4134,"date":"2022-12-12T13:38:48","date_gmt":"2022-12-12T13:38:48","guid":{"rendered":"https:\/\/eichendorffschule-essen.de\/?page_id=4134"},"modified":"2025-08-27T16:13:13","modified_gmt":"2025-08-27T16:13:13","slug":"schulische-ipads","status":"publish","type":"page","link":"https:\/\/eichendorffschule-essen.de\/?page_id=4134","title":{"rendered":"Schulische iPads"},"content":{"rendered":"\n<h3 class=\"wp-block-heading\"><strong>Links zu Bedienung und Nutzungsbedingungen der iPads<\/strong><\/h3>\n\n\n<div class=\"wp-block-image\">\n<figure class=\"alignright size-full is-resized\"><img loading=\"lazy\" decoding=\"async\" width=\"342\" height=\"477\" src=\"https:\/\/eichendorffschule-essen.de\/wp-content\/uploads\/2022\/12\/Bildschirmfoto-2022-12-12-um-14.49.38.png\" alt=\"\" class=\"wp-image-4150\" style=\"width:138px;height:193px\" srcset=\"https:\/\/eichendorffschule-essen.de\/wp-content\/uploads\/2022\/12\/Bildschirmfoto-2022-12-12-um-14.49.38.png 342w, https:\/\/eichendorffschule-essen.de\/wp-content\/uploads\/2022\/12\/Bildschirmfoto-2022-12-12-um-14.49.38-215x300.png 215w\" sizes=\"auto, (max-width: 342px) 100vw, 342px\" \/><\/figure>\n<\/div>\n\n\n<p><a href=\"https:\/\/eichendorffschule-essen.de\/wp-content\/uploads\/2025\/08\/Nutzungsbedingungen_iPad.pdf\"><strong>Nutzungsbedingungen<\/strong><\/a><\/p>\n\n\n\n<p><a href=\"https:\/\/eichendorffschule-essen.de\/wp-content\/uploads\/2022\/12\/Bedienung_Schueler_I-Pads.pdf\" data-type=\"URL\" data-id=\"https:\/\/eichendorffschule-essen.de\/wp-content\/uploads\/2022\/12\/Bedienung_Schueler_I-Pads.pdf\"><strong>Bedienungsanleitung Sch\u00fcler-iPads<\/strong><\/a><\/p>\n\n\n\n<h3 class=\"wp-block-heading\"><strong>H\u00e4ufig gestellte Fragen (FAQ) zum Thema iPads<\/strong><\/h3>\n\n\n\n<p><a href=\"https:\/\/eichendorffschule-essen.de\/wp-content\/uploads\/2022\/12\/2022_12_FAQ_Generelles.pdf\" data-type=\"URL\" data-id=\"https:\/\/eichendorffschule-essen.de\/wp-content\/uploads\/2022\/12\/2022_12_FAQ_Generelles.pdf\"><strong>Generelles<\/strong><\/a><\/p>\n\n\n\n<p><strong><a href=\"https:\/\/eichendorffschule-essen.de\/wp-content\/uploads\/2022\/12\/2022_12_FAQ_IT-Sicherheit_und_Datenschutz.pdf\">IT-Sicherheit und Datenschutz<\/a><\/strong><\/p>\n\n\n\n<p><strong><a href=\"https:\/\/eichendorffschule-essen.de\/wp-content\/uploads\/2022\/12\/2022_12_FAQ_Leihvertrag_und_Nutzungsbedingungen.pdf\">Leihvertrag und Nutzungsbedingungen<\/a><\/strong><\/p>\n\n\n\n<p>&nbsp;<\/p>\n<p>&nbsp;<\/p>\n\n\n\n<h3 class=\"wp-block-heading\"><strong>Jamf Parent-App<\/strong><\/h3>\n\n\n<div class=\"wp-block-image\">\n<figure class=\"alignright size-full is-resized\"><img loading=\"lazy\" decoding=\"async\" width=\"98\" height=\"86\" src=\"https:\/\/eichendorffschule-essen.de\/wp-content\/uploads\/2022\/12\/Bildschirmfoto-2022-12-12-um-14.55.33.png\" alt=\"\" class=\"wp-image-4164\" style=\"width:83px;height:73px\"\/><\/figure>\n<\/div>\n\n\n<p>Mit der Jamf Parent App haben Eltern die M\u00f6glichkeit das Tablet Ihres Kindes einfach zu verwalten. Sie k\u00f6nnen App-Sperren einrichten, Funktionen einschr\u00e4nken und auch Ger\u00e4te-Codes zur\u00fccksetzen. Weitere Infos mit einer genauen Beschreibung der App finden Sie&nbsp;<a rel=\"noreferrer noopener\" href=\"https:\/\/docs.jamf.com\/de\/jamf-parent\/leitfaden-fur-eltern\/Getting_Started_with_Jamf_Parent.html\" target=\"_blank\"><strong>hier<\/strong><\/a>.<\/p>\n\n\n\n<p><strong><a href=\"https:\/\/eichendorffschule-essen.de\/wp-content\/uploads\/2022\/12\/Jamf_Parent_-_Handout_v.1.1.pdf\" data-type=\"URL\" data-id=\"https:\/\/eichendorffschule-essen.de\/wp-content\/uploads\/2022\/12\/Jamf_Parent_-_Handout_v.1.1.pdf\">Handout zur Einrichtung der Jamf Parent-App<\/a><\/strong><\/p>\n\n\n\n<p>\u00a0<\/p>\n<p>\u00a0<\/p>\n\n\n\n<h3 class=\"wp-block-heading\"><strong>Weitere Informationen<\/strong>&#8230;<\/h3>\n\n\n\n<p>&#8230; erhalten Sie auf unter <strong><a href=\"http:\/\/aksmz.essen.de\/ipads\">http:\/\/aksmz.essen.de\/ipads<\/a><\/strong> (Webseite des Schulmedienzentrums)<\/p>\n","protected":false},"excerpt":{"rendered":"<p>Links zu Bedienung und Nutzungsbedingungen der iPads Nutzungsbedingungen Bedienungsanleitung Sch\u00fcler-iPads H\u00e4ufig gestellte Fragen (FAQ) zum Thema iPads Generelles IT-Sicherheit und Datenschutz Leihvertrag und Nutzungsbedingungen &nbsp; &nbsp; Jamf Parent-App Mit der Jamf Parent App haben Eltern die M\u00f6glichkeit das Tablet Ihres Kindes einfach zu verwalten. Sie k\u00f6nnen App-Sperren einrichten, Funktionen einschr\u00e4nken und auch Ger\u00e4te-Codes zur\u00fccksetzen. Weitere <a class=\"read-more\" href=\"https:\/\/eichendorffschule-essen.de\/?page_id=4134\">READ MORE<\/a><\/p>\n","protected":false},"author":1,"featured_media":0,"parent":0,"menu_order":0,"comment_status":"closed","ping_status":"closed","template":"","meta":{"footnotes":""},"class_list":["post-4134","page","type-page","status-publish","hentry"],"_links":{"self":[{"href":"https:\/\/eichendorffschule-essen.de\/index.php?rest_route=\/wp\/v2\/pages\/4134","targetHints":{"allow":["GET"]}}],"collection":[{"href":"https:\/\/eichendorffschule-essen.de\/index.php?rest_route=\/wp\/v2\/pages"}],"about":[{"href":"https:\/\/eichendorffschule-essen.de\/index.php?rest_route=\/wp\/v2\/types\/page"}],"author":[{"embeddable":true,"href":"https:\/\/eichendorffschule-essen.de\/index.php?rest_route=\/wp\/v2\/users\/1"}],"replies":[{"embeddable":true,"href":"https:\/\/eichendorffschule-essen.de\/index.php?rest_route=%2Fwp%2Fv2%2Fcomments&post=4134"}],"version-history":[{"count":23,"href":"https:\/\/eichendorffschule-essen.de\/index.php?rest_route=\/wp\/v2\/pages\/4134\/revisions"}],"predecessor-version":[{"id":5664,"href":"https:\/\/eichendorffschule-essen.de\/index.php?rest_route=\/wp\/v2\/pages\/4134\/revisions\/5664"}],"wp:attachment":[{"href":"https:\/\/eichendorffschule-essen.de\/index.php?rest_route=%2Fwp%2Fv2%2Fmedia&parent=4134"}],"curies":[{"name":"wp","href":"https:\/\/api.w.org\/{rel}","templated":true}]}}