{"id":35,"date":"2019-09-23T15:38:40","date_gmt":"2019-09-23T15:38:40","guid":{"rendered":"http:\/\/eichendorffschule-essen.de\/?page_id=35"},"modified":"2023-09-07T13:26:44","modified_gmt":"2023-09-07T13:26:44","slug":"standort-eichendorffschule","status":"publish","type":"page","link":"https:\/\/eichendorffschule-essen.de\/?page_id=35","title":{"rendered":"Gelber Standort"},"content":{"rendered":"\n<p><br>Am katholischen Standort der <strong>Eichendorffschule<\/strong> <strong>Sch\u00f6nebeck<\/strong> bieten wir f\u00fcr unsere Schulkinder in drei verschiedenen Gruppen Betreuung an.<\/p>\n\n\n<div class=\"wp-block-image\">\n<figure class=\"alignright size-large is-resized\"><img loading=\"lazy\" decoding=\"async\" src=\"https:\/\/eichendorffschule-essen.de\/wp-content\/uploads\/2019\/10\/OGT.jpg\" alt=\"\" class=\"wp-image-390\" style=\"width:268px;height:179px\" width=\"268\" height=\"179\" srcset=\"https:\/\/eichendorffschule-essen.de\/wp-content\/uploads\/2019\/10\/OGT.jpg 400w, https:\/\/eichendorffschule-essen.de\/wp-content\/uploads\/2019\/10\/OGT-300x200.jpg 300w\" sizes=\"auto, (max-width: 268px) 100vw, 268px\" \/><\/figure>\n<\/div>\n\n\n<p><strong><a href=\"https:\/\/eichendorffschule-essen.de\/?page_id=424\">7 bis 9 Betreuung<\/a><\/strong> &#8211; F\u00fcr alle Kinder, deren Eltern berufst\u00e4tig sind<\/p>\n\n\n\n<p><strong><a href=\"https:\/\/eichendorffschule-essen.de\/?page_id=429\">8 bis 14 Betreuung<\/a>&nbsp;<\/strong> &#8211; Stadtgruppe &amp; flexible Betreuungsgruppe ohne Mittagessen<\/p>\n\n\n\n<p><strong><a href=\"https:\/\/eichendorffschule-essen.de\/?page_id=361\">Offener Ganztag &#8211; OGS<\/a><\/strong> &#8211; Montag bis Freitag bis 16:00 Uhr<\/p>\n\n\n\n<p>Mehrere Erzieherinnen, Honorarkr\u00e4fte und au\u00dferschulische Partner betreuen am gelben Standort die Kinder bei den Hausaufgaben und bereichern den Vor- und Nachmittag mit\u00a0einem breiten, schwerpunktm\u00e4\u00dfig erlebnisp\u00e4dagogisch ausgerichteten Angebot von Spiel- und Besch\u00e4ftigungsm\u00f6glichkeiten aus dem Bereich Sport, Spiel, Musik, neue Medien, etc.<br><\/p>\n\n\n\n<p><\/p>\n\n\n\n<p><\/p>\n","protected":false},"excerpt":{"rendered":"<p>Am katholischen Standort der Eichendorffschule Sch\u00f6nebeck bieten wir f\u00fcr unsere Schulkinder in drei verschiedenen Gruppen Betreuung an. 7 bis 9 Betreuung &#8211; F\u00fcr alle Kinder, deren Eltern berufst\u00e4tig sind 8 bis 14 Betreuung&nbsp; &#8211; Stadtgruppe &amp; flexible Betreuungsgruppe ohne Mittagessen Offener Ganztag &#8211; OGS &#8211; Montag bis Freitag bis 16:00 Uhr Mehrere Erzieherinnen, Honorarkr\u00e4fte und <a class=\"read-more\" href=\"https:\/\/eichendorffschule-essen.de\/?page_id=35\">READ MORE<\/a><\/p>\n","protected":false},"author":1,"featured_media":0,"parent":0,"menu_order":0,"comment_status":"closed","ping_status":"closed","template":"","meta":{"footnotes":""},"class_list":["post-35","page","type-page","status-publish","hentry"],"_links":{"self":[{"href":"https:\/\/eichendorffschule-essen.de\/index.php?rest_route=\/wp\/v2\/pages\/35","targetHints":{"allow":["GET"]}}],"collection":[{"href":"https:\/\/eichendorffschule-essen.de\/index.php?rest_route=\/wp\/v2\/pages"}],"about":[{"href":"https:\/\/eichendorffschule-essen.de\/index.php?rest_route=\/wp\/v2\/types\/page"}],"author":[{"embeddable":true,"href":"https:\/\/eichendorffschule-essen.de\/index.php?rest_route=\/wp\/v2\/users\/1"}],"replies":[{"embeddable":true,"href":"https:\/\/eichendorffschule-essen.de\/index.php?rest_route=%2Fwp%2Fv2%2Fcomments&post=35"}],"version-history":[{"count":23,"href":"https:\/\/eichendorffschule-essen.de\/index.php?rest_route=\/wp\/v2\/pages\/35\/revisions"}],"predecessor-version":[{"id":4565,"href":"https:\/\/eichendorffschule-essen.de\/index.php?rest_route=\/wp\/v2\/pages\/35\/revisions\/4565"}],"wp:attachment":[{"href":"https:\/\/eichendorffschule-essen.de\/index.php?rest_route=%2Fwp%2Fv2%2Fmedia&parent=35"}],"curies":[{"name":"wp","href":"https:\/\/api.w.org\/{rel}","templated":true}]}}