{"id":323,"date":"2019-10-03T18:06:49","date_gmt":"2019-10-03T18:06:49","guid":{"rendered":"http:\/\/eichendorffschule-essen.de\/?page_id=323"},"modified":"2026-02-11T09:04:29","modified_gmt":"2026-02-11T09:04:29","slug":"leitbild","status":"publish","type":"page","link":"https:\/\/eichendorffschule-essen.de\/?page_id=323","title":{"rendered":"Leitbild"},"content":{"rendered":"<div class=\"wp-block-image\">\n<figure class=\"aligncenter size-full is-resized\"><img loading=\"lazy\" decoding=\"async\" width=\"527\" height=\"406\" src=\"https:\/\/eichendorffschule-essen.de\/wp-content\/uploads\/2026\/02\/image-1.png\" alt=\"\" class=\"wp-image-5944\" style=\"width:600px;height:auto\" srcset=\"https:\/\/eichendorffschule-essen.de\/wp-content\/uploads\/2026\/02\/image-1.png 527w, https:\/\/eichendorffschule-essen.de\/wp-content\/uploads\/2026\/02\/image-1-300x231.png 300w\" sizes=\"auto, (max-width: 527px) 100vw, 527px\" \/><\/figure>\n<\/div>\n\n\n<p class=\"has-text-align-center\">Herzensbildung als Fundament bedeutet, den Kindern Werte wie Empathie, Respekt<br>und Verantwortung n\u00e4herzubringen und die Kinder in ihrer Pers\u00f6nlichkeitsentwicklung<br>zu begleiten. In unserem Schulverbund f\u00f6rdern wir die Entwicklung eines respektvollen<br>Miteinanders, in dem die Kinder lernen, ihre eigenen Gef\u00fchle und die der anderen zu<br>verstehen und ihre eigene Meinung auszubilden und zu vertreten.<\/p>\n\n\n\n<p class=\"has-text-align-center\" style=\"font-size:15px\"><\/p>\n\n\n<div class=\"wp-block-image\">\n<figure class=\"aligncenter size-full\"><img loading=\"lazy\" decoding=\"async\" width=\"611\" height=\"421\" src=\"https:\/\/eichendorffschule-essen.de\/wp-content\/uploads\/2026\/02\/image-2.png\" alt=\"\" class=\"wp-image-5946\" srcset=\"https:\/\/eichendorffschule-essen.de\/wp-content\/uploads\/2026\/02\/image-2.png 611w, https:\/\/eichendorffschule-essen.de\/wp-content\/uploads\/2026\/02\/image-2-300x207.png 300w\" sizes=\"auto, (max-width: 611px) 100vw, 611px\" \/><\/figure>\n<\/div>\n\n\n<p><\/p>\n<p class=\"has-text-align-center\">Der Regenbogen, der sich wie ein gro\u00dfes gemeinsames Dach \u00fcber unseren beiden<br \/>H\u00e4usern befindet, leuchtet in<br \/>\u25ba <span style=\"color: #800080;\"><strong>violett<\/strong><\/span> und steht f\u00fcr <span style=\"color: #800080;\">Verl\u00e4sslichkeit<\/span>, die durch klare Strukturen, gemeinsam<br \/>erarbeitete Regeln und Rituale f\u00fcr die Kinder geschaffen wird. Alle Teammitglieder<br \/>sind best\u00e4ndige, vertrauensvolle, pr\u00e4sente Begleiter f\u00fcr die Kinder, die zu ihrem Wort<br \/>stehen, die Kinderrechte beachten und einen gesicherten Lern- und Betreuungsraum<br \/>anbieten. Aber auch die Erwachsenen sollen sich auf die Kinder verlassen k\u00f6nnen<br \/>sowie die Sch\u00fcler und Sch\u00fclerinnen untereinander.<br \/>\u25ba <span style=\"color: #3366ff;\"><strong>blau<\/strong><\/span> und steht f\u00fcr <span style=\"color: #3366ff;\">Einzigartigkeit<\/span>, die die individuellen St\u00e4rken, Bed\u00fcrfnisse und<br \/>Begabungen der Kinder beachtet. Alle Menschen sind einzigartig, wertvoll und<br \/>bereichernd f\u00fcr das System Schule und Betreuung \u2013 ihre Individualit\u00e4t verdient<br \/>Achtung und Akzeptanz, ihr Selbstbewusstsein und ihr Mut zur eigenen<br \/>Pers\u00f6nlichkeit werden gest\u00e4rkt.<br \/>\u25ba <strong><span style=\"color: #339966;\">gr\u00fcn<\/span><\/strong> und steht f\u00fcr <span style=\"color: #339966;\">Lernfreude<\/span>, die durch eine lernf\u00f6rderliche, friedliche,<br \/>Lernatmosph\u00e4re entstehen kann, Neugier weckt, Motivation und<br \/>Anstrengungsbereitschaft schafft und so zu lebenslangem Lernen f\u00fchren kann.<br \/>Vielf\u00e4ltige Lernformen \u2013 auch aus dem mediengest\u00fctzten Bereich \u2013 k\u00f6nnen dabei<br \/>helfen.<br \/>\u25ba <span style=\"color: #ffff00;\">gelb<\/span> und steht f\u00fcr <span style=\"color: #ffff00;\">Bildung<\/span>, das wertvolle Grund- und Startger\u00fcst von sozialen und<br \/>fachlichen Kompetenzen, das f\u00fcr die weitere Zukunft ma\u00dfgeblich mitbestimmend ist<br \/>und von dem man nie zu viel haben kann. Bildung ist ein Schatz!<br \/>\u25ba <strong><span style=\"color: #ff9900;\">orange<\/span><\/strong> und steht f\u00fcr <span style=\"color: #ff9900;\">Wertsch\u00e4tzung<\/span>, die wir uns gegenseitig durch Respekt,<br \/>Offenheit, Freundlichkeit und Akzeptanz \u2013 auch von Fehlern &#8211; entgegenbringen. Die<br \/>individuelle Leistung der Kinder wird betrachtet und dabei beachtet, dass jeder etwas<br \/>gut kann und dieses auch zeigen sollte.<br \/>\u25ba <strong><span style=\"color: #ff0000;\">rot<\/span><\/strong> und steht f\u00fcr <span style=\"color: #ff0000;\">Gemeinschaft<\/span> in den Klassen, in den einzelnen H\u00e4usern, im<br \/>Schulverbund, die durch ein Miteinander von gemeinsamen Festen und Feiern, durch<br \/>gegenseitige Unterst\u00fctzung, durch \u00dcbernahme von Verantwortung f\u00fcr sich und<br \/>andere, durch die Entwicklung von gemeinsamen Projekten immer weiter ausgebaut<br \/>wird.<\/p>\n<p> <\/p>\n<p class=\"has-text-align-center\">\u00a0<\/p>\n<p><\/p>\n\n\n\n<p><\/p>\n","protected":false},"excerpt":{"rendered":"<p>Herzensbildung als Fundament bedeutet, den Kindern Werte wie Empathie, Respektund Verantwortung n\u00e4herzubringen und die Kinder in ihrer Pers\u00f6nlichkeitsentwicklungzu begleiten. In unserem Schulverbund f\u00f6rdern wir die Entwicklung eines respektvollenMiteinanders, in dem die Kinder lernen, ihre eigenen Gef\u00fchle und die der anderen zuverstehen und ihre eigene Meinung auszubilden und zu vertreten. Der Regenbogen, der sich wie ein <a class=\"read-more\" href=\"https:\/\/eichendorffschule-essen.de\/?page_id=323\">READ MORE<\/a><\/p>\n","protected":false},"author":1,"featured_media":0,"parent":0,"menu_order":0,"comment_status":"closed","ping_status":"closed","template":"","meta":{"footnotes":""},"class_list":["post-323","page","type-page","status-publish","hentry"],"_links":{"self":[{"href":"https:\/\/eichendorffschule-essen.de\/index.php?rest_route=\/wp\/v2\/pages\/323","targetHints":{"allow":["GET"]}}],"collection":[{"href":"https:\/\/eichendorffschule-essen.de\/index.php?rest_route=\/wp\/v2\/pages"}],"about":[{"href":"https:\/\/eichendorffschule-essen.de\/index.php?rest_route=\/wp\/v2\/types\/page"}],"author":[{"embeddable":true,"href":"https:\/\/eichendorffschule-essen.de\/index.php?rest_route=\/wp\/v2\/users\/1"}],"replies":[{"embeddable":true,"href":"https:\/\/eichendorffschule-essen.de\/index.php?rest_route=%2Fwp%2Fv2%2Fcomments&post=323"}],"version-history":[{"count":20,"href":"https:\/\/eichendorffschule-essen.de\/index.php?rest_route=\/wp\/v2\/pages\/323\/revisions"}],"predecessor-version":[{"id":5959,"href":"https:\/\/eichendorffschule-essen.de\/index.php?rest_route=\/wp\/v2\/pages\/323\/revisions\/5959"}],"wp:attachment":[{"href":"https:\/\/eichendorffschule-essen.de\/index.php?rest_route=%2Fwp%2Fv2%2Fmedia&parent=323"}],"curies":[{"name":"wp","href":"https:\/\/api.w.org\/{rel}","templated":true}]}}